{"id":44,"date":"2013-12-24T16:15:35","date_gmt":"2013-12-24T14:15:35","guid":{"rendered":"http:\/\/spay-badminton.fr\/v2\/?page_id=44"},"modified":"2014-12-14T17:48:05","modified_gmt":"2014-12-14T16:48:05","slug":"tournoi-national","status":"publish","type":"page","link":"https:\/\/spay-badminton.fr\/v2\/aide-inscription-en-ligne\/tournoi-national\/","title":{"rendered":"D\u00e9tails et inscriptions"},"content":{"rendered":"<h1 style=\"text-align: center;\"><strong><span style=\"color: #993366;\"><span style=\"color: #993366;\">Tournoi national de SPAY<\/span><\/span><span style=\"color: #993366;\"><span style=\"color: #993366;\">\u00a0 \u00a0&#8220;<span style=\"color: #993366;\">100 % DOUBLES&#8221;<\/span><\/span><\/span><\/strong><\/h1>\n<h2 style=\"text-align: center;\"><span style=\"color: #339966;\">LES 14 ET 15 FEVRIER\u00a02015<\/span><\/h2>\n<p><a title=\"S'inscrire\" href=\"http:\/\/www.badnet.org\/badnet\/src\/index.php?ic_a=655618&amp;eventId=4996\" target=\"_blank\"><img loading=\"lazy\" class=\"size-full wp-image-591 aligncenter\" src=\"http:\/\/spay-badminton.fr\/v2\/wp-content\/uploads\/2013\/12\/inscrire.jpg\" alt=\"inscrire\" width=\"240\" height=\"124\" srcset=\"https:\/\/spay-badminton.fr\/v2\/wp-content\/uploads\/2013\/12\/inscrire.jpg 240w, https:\/\/spay-badminton.fr\/v2\/wp-content\/uploads\/2013\/12\/inscrire-150x77.jpg 150w\" sizes=\"(max-width: 240px) 100vw, 240px\" \/><\/a><\/p>\n<p>&nbsp;<\/p>\n<h3>\u00a0<strong><span style=\"color: #ff6600;\">SERIES ET TABLEAUX<\/span><\/strong><\/h3>\n<p>&nbsp;<\/p>\n<p><strong>Tableaux :<\/strong>\u00a0B \u2013 C \u2013 D1\/D2 \u2013 D3\/D4 \u2013 NC<\/p>\n<p><strong>Samedi\u00a0:<\/strong> Doubles hommes et doubles dames<\/p>\n<p><strong>Dimanche\u00a0:<\/strong> Doubles mixtes<\/p>\n<p>Poules de 4 voir 5 avec 2 sortants par poule (si suffisamment d\u2019inscrits dans le tableau).<\/p>\n<p>&nbsp;<\/p>\n<p><strong>Le classement du 1<sup>er<\/sup> f\u00e9vrier sera pris en compte, en cas de doute inscrivez-vous dans la cat\u00e9gorie souhait\u00e9e<\/strong><\/p>\n<p><em>Par exemple\u00a0:<\/em>\u00a0<em>Si vous \u00eates C4, que vous pensez descendre et voulez jouer en D1\/D2, inscrivez-vous en D1\/D2.<\/em><\/p>\n<p><em> Tous les joueurs dont le classement est devenu sup\u00e9rieur \u00e0 la cat\u00e9gorie seront plac\u00e9s dans le tableau sup\u00e9rieur au 3 f\u00e9vrier.<\/em><\/p>\n<h3><strong><span style=\"color: #ff6600;\">ORGANISATION ET INFOS PRATIQUES<\/span><\/strong><\/h3>\n<p>&nbsp;<\/p>\n<p>Gymnase Fernand TAVANO de Spay (10 km du Mans )\u00a0rue du 19 mars 1962<\/p>\n<p>Une salle de 10 terrains sera \u00e0 votre disposition tout au long du tournoi, dont 1 d\u2019\u00e9chauffement.<\/p>\n<p>L\u2019accueil des joueurs se fera \u00e0 partir de 7h30 le samedi et 8h00 le dimanche.<\/p>\n<p><a title=\"Gymnase\" href=\"http:\/\/spay-badminton.fr\/v2\/vie-du-club\/le-gymnase\/\" target=\"_blank\">&gt; Plan Google Maps\u00a0et\u00a0Configuration du Gymnase<\/a><\/p>\n<p>&nbsp;<\/p>\n<h3><strong><span style=\"color: #ff6600;\">VOLANTS<\/span><\/strong><\/h3>\n<p>&nbsp;<\/p>\n<p>Les volants sont \u00e0 charge des joueurs. Tous les volants homologu\u00e9s FFBaD sont accept\u00e9s.<\/p>\n<p>En cas de litige, ce sont les volants plumes de type RSL grade 1 et les volants plastiques type YONEX MAVIS 370 qui seront utilis\u00e9s.<\/p>\n<p>Volants en vente sur place.<\/p>\n<h3><strong><span style=\"color: #ff6600;\">RESTAURATION<\/span><\/strong><\/h3>\n<p>&nbsp;<\/p>\n<p>Une buvette sera \u00e0 votre disposition dans la salle.<\/p>\n<p>Vous y trouverez des boissons, sandwichs\/paninis, fruits, g\u00e2teaux, confiseries&#8230;<\/p>\n<h3><strong><span style=\"color: #ff6600;\">RECOMPENSES<\/span><\/strong><\/h3>\n<p>&nbsp;<\/p>\n<p>Des bons cadeaux et lots d\u2019une valeur globale \u00e9gale \u00e0 <strong>2000 euros<\/strong> seront r\u00e9partis entre les vainqueurs et les finalistes.<\/p>\n<h3><strong><span style=\"color: #ff6600;\"><a id=\"Inscription\"><\/a>MODALITES D&#8217;INSCRIPTION<\/span><\/strong><\/h3>\n<p>&nbsp;<\/p>\n<p>10 euros pour 1 tableau \/ joueur<br \/>\n15 euros pour 2 tableaux \/ joueur<\/p>\n<p>Le 2<sup>\u00e8me<\/sup> tableau est offert pour les femmes B<\/p>\n<p>&nbsp;<\/p>\n<hr \/>\n<p>Le taux de remplissage des tableaux, ainsi que les personnes en recherche seront indiqu\u00e9s\u00a0 sur le site du club au fur \u00e0 mesure des inscriptions:\u00a0<a href=\"http:\/\/www.spay-badminton.fr\">www.spay-badminton.fr<\/a><\/p>\n<p>Les inscriptions sont \u00e0 faire en ligne sur\u00a0: <a title=\"Inscription\" href=\"http:\/\/www.badnet.org\/badnet\/src\/index.php?ic_a=655618&amp;eventId=4996\" target=\"_blank\">http:\/\/www.badnet.org<\/a><\/p>\n<p><span style=\"color: #ff0000;\"><strong>Les inscriptions en ligne seront prioritaires<\/strong>.<\/span><\/p>\n<p><a title=\"Inscription\" href=\"http:\/\/www.badnet.org\/badnet\/src\/index.php?ic_a=655618&amp;eventId=4996\" target=\"_blank\"><img loading=\"lazy\" class=\"size-full wp-image-591 aligncenter\" src=\"http:\/\/spay-badminton.fr\/v2\/wp-content\/uploads\/2013\/12\/inscrire.jpg\" alt=\"inscrire\" width=\"240\" height=\"124\" srcset=\"https:\/\/spay-badminton.fr\/v2\/wp-content\/uploads\/2013\/12\/inscrire.jpg 240w, https:\/\/spay-badminton.fr\/v2\/wp-content\/uploads\/2013\/12\/inscrire-150x77.jpg 150w\" sizes=\"(max-width: 240px) 100vw, 240px\" \/><\/a><br \/>\nLes inscriptions seront valid\u00e9es d\u00e8s r\u00e9ception du document g\u00e9n\u00e9r\u00e9 accompagn\u00e9 du r\u00e8glement\u00a0:<\/p>\n<ul>\n<li>ch\u00e8que libell\u00e9 a l\u2019ordre du TBSMC<\/li>\n<li>virement sur le compte du club (<a title=\"RIB Tournoi\" href=\"http:\/\/spay-badminton.fr\/v2\/wp-content\/uploads\/2014\/12\/Paiement-tournoi-national.pdf\" target=\"_blank\">t\u00e9l\u00e9charger le RIB<\/a>)<\/li>\n<\/ul>\n<p>Pour les paiements par ch\u00e8ques, adresser le r\u00e8glement et le document g\u00e9n\u00e9r\u00e9 \u00e0\u00a0:<\/p>\n<p>Mlle CRESPIN Vanessa<br \/>\n8 rue du 11 novembre<br \/>\n72210 La Suze sur Sarthe<\/p>\n<p>&nbsp;<\/p>\n<p>Le nombre de joueurs est limit\u00e9. Les joueurs seront retenus dans l\u2019ordre d\u2019arriv\u00e9e des inscriptions ou de mani\u00e8re \u00e0 \u00e9quilibrer les tableaux.<\/p>\n<p>&nbsp;<\/p>\n<p>Pour tous probl\u00e8mes d\u2019inscriptions en ligne, contactez Cyrille sur <a href=\"mailto:tbsmc_info@yahoo.fr\">tbsmc_info@yahoo.fr<\/a> ou 06 13 14 60 22.<\/p>\n<p>&nbsp;<\/p>\n<p style=\"text-align: center;\"><span style=\"color: #ff0000;\"><strong>Date limite d\u2019inscription\u00a0: 31 janvier 2015<\/strong><\/span><\/p>\n<p>&nbsp;<\/p>\n<p>Aucune inscription ne sera prise par t\u00e9l\u00e9phone. Un joueur forfait ne sera rembours\u00e9 que si l\u2019organisateur a \u00e9t\u00e9 pr\u00e9venu avant <span style=\"color: #ff0000;\">le 3 f\u00e9vrier<\/span>\u00a0 ou sur pr\u00e9sentation d\u2019un justificatif.<\/p>\n<p>L\u2019organisation rappelle que le joueur forfait s\u2019expose \u00e0 des sanctions comme le stipule le <a title=\"Reglement FFDBAD\" href=\"http:\/\/www.ffbad.org\/data\/Files\/Espaces_Dedies\/Arbitrage\/Regles_Officielles_2011.pdf\" target=\"_blank\">r\u00e8glement des comp\u00e9titions de la F\u00e9d\u00e9ration Fran\u00e7aise de Badminton<\/a>.<\/p>\n<p><strong>Les convocations seront exclusivement disponible sur notre site internet <\/strong><a href=\"http:\/\/www.spay-badminton.fr\">www.spay-badminton.fr<\/a> et sur\u00a0<a href=\"http:\/\/www.badnet.org\/badnet\/src\/index.php?ic_a=655618&amp;eventId=4996\" target=\"_blank\">www.badnet.org<\/a><\/p>\n","protected":false},"excerpt":{"rendered":"<p class=\"continue-reading-button\"> <a class=\"continue-reading-link\" href=\"https:\/\/spay-badminton.fr\/v2\/aide-inscription-en-ligne\/tournoi-national\/\"><i class=\"crycon-right-dir\"><\/i><\/a><\/p>\n","protected":false},"author":1,"featured_media":0,"parent":796,"menu_order":3,"comment_status":"closed","ping_status":"closed","template":"","meta":[],"_links":{"self":[{"href":"https:\/\/spay-badminton.fr\/v2\/wp-json\/wp\/v2\/pages\/44"}],"collection":[{"href":"https:\/\/spay-badminton.fr\/v2\/wp-json\/wp\/v2\/pages"}],"about":[{"href":"https:\/\/spay-badminton.fr\/v2\/wp-json\/wp\/v2\/types\/page"}],"author":[{"embeddable":true,"href":"https:\/\/spay-badminton.fr\/v2\/wp-json\/wp\/v2\/users\/1"}],"replies":[{"embeddable":true,"href":"https:\/\/spay-badminton.fr\/v2\/wp-json\/wp\/v2\/comments?post=44"}],"version-history":[{"count":53,"href":"https:\/\/spay-badminton.fr\/v2\/wp-json\/wp\/v2\/pages\/44\/revisions"}],"predecessor-version":[{"id":5006,"href":"https:\/\/spay-badminton.fr\/v2\/wp-json\/wp\/v2\/pages\/44\/revisions\/5006"}],"up":[{"embeddable":true,"href":"https:\/\/spay-badminton.fr\/v2\/wp-json\/wp\/v2\/pages\/796"}],"wp:attachment":[{"href":"https:\/\/spay-badminton.fr\/v2\/wp-json\/wp\/v2\/media?parent=44"}],"curies":[{"name":"wp","href":"https:\/\/api.w.org\/{rel}","templated":true}]}}